{"id":1738,"date":"2022-08-04T09:33:31","date_gmt":"2022-08-04T14:33:31","guid":{"rendered":"https:\/\/cootraespeciales.com\/sitio\/?page_id=1738"},"modified":"2022-08-04T10:55:30","modified_gmt":"2022-08-04T15:55:30","slug":"reglamentos-comites","status":"publish","type":"page","link":"https:\/\/cootraespeciales.com\/sitio\/reglamentos-comites\/","title":{"rendered":"Reglamentos comit\u00e9s"},"content":{"rendered":"\t\t<div data-elementor-type=\"wp-page\" data-elementor-id=\"1738\" class=\"elementor elementor-1738\" data-elementor-post-type=\"page\">\n\t\t\t\t\t\t<section class=\"elementor-section elementor-top-section elementor-element elementor-element-03ce0d9 elementor-section-height-min-height elementor-section-items-bottom elementor-section-boxed elementor-section-height-default\" data-id=\"03ce0d9\" data-element_type=\"section\" data-settings=\"{&quot;background_background&quot;:&quot;classic&quot;,&quot;jet_parallax_layout_list&quot;:[]}\">\n\t\t\t\t\t\t\t<div class=\"elementor-background-overlay\"><\/div>\n\t\t\t\t\t\t\t<div class=\"elementor-container elementor-column-gap-no\">\n\t\t\t\t\t<div class=\"elementor-column elementor-col-100 elementor-top-column elementor-element elementor-element-8534e0a\" data-id=\"8534e0a\" data-element_type=\"column\">\n\t\t\t<div class=\"elementor-widget-wrap elementor-element-populated\">\n\t\t\t\t\t\t<div class=\"elementor-element elementor-element-2b76e55 elementor-widget elementor-widget-heading\" data-id=\"2b76e55\" data-element_type=\"widget\" data-widget_type=\"heading.default\">\n\t\t\t\t<div class=\"elementor-widget-container\">\n\t\t\t<style>\/*! elementor - v3.21.0 - 24-04-2024 *\/\n.elementor-heading-title{padding:0;margin:0;line-height:1}.elementor-widget-heading .elementor-heading-title[class*=elementor-size-]>a{color:inherit;font-size:inherit;line-height:inherit}.elementor-widget-heading .elementor-heading-title.elementor-size-small{font-size:15px}.elementor-widget-heading .elementor-heading-title.elementor-size-medium{font-size:19px}.elementor-widget-heading .elementor-heading-title.elementor-size-large{font-size:29px}.elementor-widget-heading .elementor-heading-title.elementor-size-xl{font-size:39px}.elementor-widget-heading .elementor-heading-title.elementor-size-xxl{font-size:59px}<\/style><h1 class=\"elementor-heading-title elementor-size-default\">Reglamentos comit\u00e9s<\/h1>\t\t<\/div>\n\t\t\t\t<\/div>\n\t\t\t\t\t<\/div>\n\t\t<\/div>\n\t\t\t\t\t<\/div>\n\t\t<\/section>\n\t\t\t\t<section class=\"elementor-section elementor-top-section elementor-element elementor-element-2611e4a elementor-section-boxed elementor-section-height-default elementor-section-height-default\" data-id=\"2611e4a\" data-element_type=\"section\" data-settings=\"{&quot;jet_parallax_layout_list&quot;:[]}\">\n\t\t\t\t\t\t<div class=\"elementor-container elementor-column-gap-no\">\n\t\t\t\t\t<div class=\"elementor-column elementor-col-100 elementor-top-column elementor-element elementor-element-8ac077e\" data-id=\"8ac077e\" data-element_type=\"column\">\n\t\t\t<div class=\"elementor-widget-wrap elementor-element-populated\">\n\t\t\t\t\t\t<div class=\"elementor-element elementor-element-7eff9da elementor-widget__width-auto elementor-view-default elementor-widget elementor-widget-icon\" data-id=\"7eff9da\" data-element_type=\"widget\" data-widget_type=\"icon.default\">\n\t\t\t\t<div class=\"elementor-widget-container\">\n\t\t\t\t\t<div class=\"elementor-icon-wrapper\">\n\t\t\t<div class=\"elementor-icon\">\n\t\t\t<i aria-hidden=\"true\" class=\"fas fa-map-marker-alt\"><\/i>\t\t\t<\/div>\n\t\t<\/div>\n\t\t\t\t<\/div>\n\t\t\t\t<\/div>\n\t\t\t\t<div class=\"elementor-element elementor-element-384aff9 elementor-widget__width-auto elementor-widget elementor-widget-heading\" data-id=\"384aff9\" data-element_type=\"widget\" data-widget_type=\"heading.default\">\n\t\t\t\t<div class=\"elementor-widget-container\">\n\t\t\t<h6 class=\"elementor-heading-title elementor-size-default\">Estas aqu\u00ed: <\/h6>\t\t<\/div>\n\t\t\t\t<\/div>\n\t\t\t\t<div class=\"elementor-element elementor-element-b73633e elementor-widget__width-auto elementor-widget elementor-widget-breadcrumbs\" data-id=\"b73633e\" data-element_type=\"widget\" data-widget_type=\"breadcrumbs.default\">\n\t\t\t\t<div class=\"elementor-widget-container\">\n\t\t\t<link rel=\"stylesheet\" href=\"https:\/\/cootraespeciales.com\/sitio\/wp-content\/plugins\/elementor-pro\/assets\/css\/widget-theme-elements.min.css\"><p id=\"breadcrumbs\"><span><span><a href=\"https:\/\/cootraespeciales.com\/sitio\/\">Inicio<\/a><\/span><\/span><\/p>\t\t<\/div>\n\t\t\t\t<\/div>\n\t\t\t\t\t<\/div>\n\t\t<\/div>\n\t\t\t\t\t<\/div>\n\t\t<\/section>\n\t\t\t\t<section class=\"elementor-section elementor-top-section elementor-element elementor-element-9a69615 elementor-section-boxed elementor-section-height-default elementor-section-height-default\" data-id=\"9a69615\" data-element_type=\"section\" data-settings=\"{&quot;jet_parallax_layout_list&quot;:[]}\">\n\t\t\t\t\t\t<div class=\"elementor-container elementor-column-gap-no\">\n\t\t\t\t\t<div class=\"elementor-column elementor-col-100 elementor-top-column elementor-element elementor-element-1b308ca contenedor-servicios\" data-id=\"1b308ca\" data-element_type=\"column\">\n\t\t\t<div class=\"elementor-widget-wrap elementor-element-populated\">\n\t\t\t\t\t\t<div class=\"elementor-element elementor-element-918e3e9 elementor-grid-3 elementor-grid-tablet-2 elementor-grid-mobile-1 elementor-posts--thumbnail-top elementor-card-shadow-yes elementor-posts__hover-gradient elementor-widget elementor-widget-posts\" data-id=\"918e3e9\" data-element_type=\"widget\" data-settings=\"{&quot;pagination_type&quot;:&quot;numbers&quot;,&quot;cards_columns&quot;:&quot;3&quot;,&quot;cards_columns_tablet&quot;:&quot;2&quot;,&quot;cards_columns_mobile&quot;:&quot;1&quot;,&quot;cards_row_gap&quot;:{&quot;unit&quot;:&quot;px&quot;,&quot;size&quot;:35,&quot;sizes&quot;:[]},&quot;cards_row_gap_widescreen&quot;:{&quot;unit&quot;:&quot;px&quot;,&quot;size&quot;:&quot;&quot;,&quot;sizes&quot;:[]},&quot;cards_row_gap_laptop&quot;:{&quot;unit&quot;:&quot;px&quot;,&quot;size&quot;:&quot;&quot;,&quot;sizes&quot;:[]},&quot;cards_row_gap_tablet_extra&quot;:{&quot;unit&quot;:&quot;px&quot;,&quot;size&quot;:&quot;&quot;,&quot;sizes&quot;:[]},&quot;cards_row_gap_tablet&quot;:{&quot;unit&quot;:&quot;px&quot;,&quot;size&quot;:&quot;&quot;,&quot;sizes&quot;:[]},&quot;cards_row_gap_mobile_extra&quot;:{&quot;unit&quot;:&quot;px&quot;,&quot;size&quot;:&quot;&quot;,&quot;sizes&quot;:[]},&quot;cards_row_gap_mobile&quot;:{&quot;unit&quot;:&quot;px&quot;,&quot;size&quot;:&quot;&quot;,&quot;sizes&quot;:[]}}\" data-widget_type=\"posts.cards\">\n\t\t\t\t<div class=\"elementor-widget-container\">\n\t\t\t<link rel=\"stylesheet\" href=\"https:\/\/cootraespeciales.com\/sitio\/wp-content\/plugins\/elementor-pro\/assets\/css\/widget-posts.min.css\">\t\t<div class=\"elementor-posts-container elementor-posts elementor-posts--skin-cards elementor-grid\">\n\t\t\t\t<article class=\"elementor-post elementor-grid-item post-1751 post type-post status-publish format-standard hentry category-comites\">\n\t\t\t<div class=\"elementor-post__card\">\n\t\t\t\t<div class=\"elementor-post__text\">\n\t\t\t\t<h3 class=\"elementor-post__title\">\n\t\t\t<a href=\"https:\/\/cootraespeciales.com\/sitio\/reglamento-de-credito\/\" >\n\t\t\t\tReglamento de cr\u00e9dito\t\t\t<\/a>\n\t\t<\/h3>\n\t\t\t\t<div class=\"elementor-post__excerpt\">\n\t\t\t\t\t<\/div>\n\t\t\n\t\t<a class=\"elementor-post__read-more\" href=\"https:\/\/cootraespeciales.com\/sitio\/reglamento-de-credito\/\" aria-label=\"Read more about Reglamento de cr\u00e9dito\" tabindex=\"-1\" >\n\t\t\tLeer m\u00e1s \u00bb\t\t<\/a>\n\n\t\t\t\t<\/div>\n\t\t\t\t<div class=\"elementor-post__meta-data\">\n\t\t\t\t\t<span class=\"elementor-post-author\">\n\t\t\tCootraespeciales\t\t<\/span>\n\t\t\t\t<span class=\"elementor-post-date\">\n\t\t\t4 agosto, 2022\t\t<\/span>\n\t\t\t\t<\/div>\n\t\t\t\t\t<\/div>\n\t\t<\/article>\n\t\t\t\t<\/div>\n\t\t\n\t\t\t\t<\/div>\n\t\t\t\t<\/div>\n\t\t\t\t\t<\/div>\n\t\t<\/div>\n\t\t\t\t\t<\/div>\n\t\t<\/section>\n\t\t\t\t<\/div>\n\t\t","protected":false},"excerpt":{"rendered":"<p>Reglamentos comit\u00e9s Estas aqu\u00ed:<\/p>\n","protected":false},"author":1,"featured_media":0,"parent":0,"menu_order":0,"comment_status":"closed","ping_status":"closed","template":"","meta":{"_joinchat":[],"footnotes":""},"class_list":["post-1738","page","type-page","status-publish","hentry"],"yoast_head":"<!-- This site is optimized with the Yoast SEO plugin v26.8 - https:\/\/yoast.com\/product\/yoast-seo-wordpress\/ -->\n<title>Reglamentos comit\u00e9s - Cootraespeciales<\/title>\n<meta name=\"robots\" content=\"index, follow, max-snippet:-1, max-image-preview:large, max-video-preview:-1\" \/>\n<link rel=\"canonical\" href=\"https:\/\/cootraespeciales.com\/sitio\/reglamentos-comites\/\" \/>\n<meta property=\"og:locale\" content=\"es_ES\" \/>\n<meta property=\"og:type\" content=\"article\" \/>\n<meta property=\"og:title\" content=\"Reglamentos comit\u00e9s - Cootraespeciales\" \/>\n<meta property=\"og:description\" content=\"Reglamentos comit\u00e9s Estas aqu\u00ed:\" \/>\n<meta property=\"og:url\" content=\"https:\/\/cootraespeciales.com\/sitio\/reglamentos-comites\/\" \/>\n<meta property=\"og:site_name\" content=\"Cootraespeciales\" \/>\n<meta property=\"article:modified_time\" content=\"2022-08-04T15:55:30+00:00\" \/>\n<meta name=\"twitter:card\" content=\"summary_large_image\" \/>\n<meta name=\"twitter:label1\" content=\"Tiempo de lectura\" \/>\n\t<meta name=\"twitter:data1\" content=\"1 minuto\" \/>\n<script type=\"application\/ld+json\" class=\"yoast-schema-graph\">{\"@context\":\"https:\/\/schema.org\",\"@graph\":[{\"@type\":\"WebPage\",\"@id\":\"https:\/\/cootraespeciales.com\/sitio\/reglamentos-comites\/\",\"url\":\"https:\/\/cootraespeciales.com\/sitio\/reglamentos-comites\/\",\"name\":\"Reglamentos comit\u00e9s - Cootraespeciales\",\"isPartOf\":{\"@id\":\"https:\/\/cootraespeciales.com\/sitio\/#website\"},\"datePublished\":\"2022-08-04T14:33:31+00:00\",\"dateModified\":\"2022-08-04T15:55:30+00:00\",\"breadcrumb\":{\"@id\":\"https:\/\/cootraespeciales.com\/sitio\/reglamentos-comites\/#breadcrumb\"},\"inLanguage\":\"es-CO\",\"potentialAction\":[{\"@type\":\"ReadAction\",\"target\":[\"https:\/\/cootraespeciales.com\/sitio\/reglamentos-comites\/\"]}]},{\"@type\":\"BreadcrumbList\",\"@id\":\"https:\/\/cootraespeciales.com\/sitio\/reglamentos-comites\/#breadcrumb\",\"itemListElement\":[{\"@type\":\"ListItem\",\"position\":1,\"name\":\"Inicio\",\"item\":\"https:\/\/cootraespeciales.com\/sitio\/\"},{\"@type\":\"ListItem\",\"position\":2,\"name\":\"Reglamentos comit\u00e9s\"}]},{\"@type\":\"WebSite\",\"@id\":\"https:\/\/cootraespeciales.com\/sitio\/#website\",\"url\":\"https:\/\/cootraespeciales.com\/sitio\/\",\"name\":\"Cootraespeciales\",\"description\":\"Transporte especial empresarial, tur\u00edstico y escolar\",\"publisher\":{\"@id\":\"https:\/\/cootraespeciales.com\/sitio\/#organization\"},\"potentialAction\":[{\"@type\":\"SearchAction\",\"target\":{\"@type\":\"EntryPoint\",\"urlTemplate\":\"https:\/\/cootraespeciales.com\/sitio\/?s={search_term_string}\"},\"query-input\":{\"@type\":\"PropertyValueSpecification\",\"valueRequired\":true,\"valueName\":\"search_term_string\"}}],\"inLanguage\":\"es-CO\"},{\"@type\":\"Organization\",\"@id\":\"https:\/\/cootraespeciales.com\/sitio\/#organization\",\"name\":\"Cootraespeciales\",\"url\":\"https:\/\/cootraespeciales.com\/sitio\/\",\"logo\":{\"@type\":\"ImageObject\",\"inLanguage\":\"es-CO\",\"@id\":\"https:\/\/cootraespeciales.com\/sitio\/#\/schema\/logo\/image\/\",\"url\":\"https:\/\/cootraespeciales.com\/sitio\/wp-content\/uploads\/2022\/06\/logo-cootraespeciales.svg\",\"contentUrl\":\"https:\/\/cootraespeciales.com\/sitio\/wp-content\/uploads\/2022\/06\/logo-cootraespeciales.svg\",\"width\":1080,\"height\":810,\"caption\":\"Cootraespeciales\"},\"image\":{\"@id\":\"https:\/\/cootraespeciales.com\/sitio\/#\/schema\/logo\/image\/\"}}]}<\/script>\n<!-- \/ Yoast SEO plugin. -->","yoast_head_json":{"title":"Reglamentos comit\u00e9s - Cootraespeciales","robots":{"index":"index","follow":"follow","max-snippet":"max-snippet:-1","max-image-preview":"max-image-preview:large","max-video-preview":"max-video-preview:-1"},"canonical":"https:\/\/cootraespeciales.com\/sitio\/reglamentos-comites\/","og_locale":"es_ES","og_type":"article","og_title":"Reglamentos comit\u00e9s - Cootraespeciales","og_description":"Reglamentos comit\u00e9s Estas aqu\u00ed:","og_url":"https:\/\/cootraespeciales.com\/sitio\/reglamentos-comites\/","og_site_name":"Cootraespeciales","article_modified_time":"2022-08-04T15:55:30+00:00","twitter_card":"summary_large_image","twitter_misc":{"Tiempo de lectura":"1 minuto"},"schema":{"@context":"https:\/\/schema.org","@graph":[{"@type":"WebPage","@id":"https:\/\/cootraespeciales.com\/sitio\/reglamentos-comites\/","url":"https:\/\/cootraespeciales.com\/sitio\/reglamentos-comites\/","name":"Reglamentos comit\u00e9s - Cootraespeciales","isPartOf":{"@id":"https:\/\/cootraespeciales.com\/sitio\/#website"},"datePublished":"2022-08-04T14:33:31+00:00","dateModified":"2022-08-04T15:55:30+00:00","breadcrumb":{"@id":"https:\/\/cootraespeciales.com\/sitio\/reglamentos-comites\/#breadcrumb"},"inLanguage":"es-CO","potentialAction":[{"@type":"ReadAction","target":["https:\/\/cootraespeciales.com\/sitio\/reglamentos-comites\/"]}]},{"@type":"BreadcrumbList","@id":"https:\/\/cootraespeciales.com\/sitio\/reglamentos-comites\/#breadcrumb","itemListElement":[{"@type":"ListItem","position":1,"name":"Inicio","item":"https:\/\/cootraespeciales.com\/sitio\/"},{"@type":"ListItem","position":2,"name":"Reglamentos comit\u00e9s"}]},{"@type":"WebSite","@id":"https:\/\/cootraespeciales.com\/sitio\/#website","url":"https:\/\/cootraespeciales.com\/sitio\/","name":"Cootraespeciales","description":"Transporte especial empresarial, tur\u00edstico y escolar","publisher":{"@id":"https:\/\/cootraespeciales.com\/sitio\/#organization"},"potentialAction":[{"@type":"SearchAction","target":{"@type":"EntryPoint","urlTemplate":"https:\/\/cootraespeciales.com\/sitio\/?s={search_term_string}"},"query-input":{"@type":"PropertyValueSpecification","valueRequired":true,"valueName":"search_term_string"}}],"inLanguage":"es-CO"},{"@type":"Organization","@id":"https:\/\/cootraespeciales.com\/sitio\/#organization","name":"Cootraespeciales","url":"https:\/\/cootraespeciales.com\/sitio\/","logo":{"@type":"ImageObject","inLanguage":"es-CO","@id":"https:\/\/cootraespeciales.com\/sitio\/#\/schema\/logo\/image\/","url":"https:\/\/cootraespeciales.com\/sitio\/wp-content\/uploads\/2022\/06\/logo-cootraespeciales.svg","contentUrl":"https:\/\/cootraespeciales.com\/sitio\/wp-content\/uploads\/2022\/06\/logo-cootraespeciales.svg","width":1080,"height":810,"caption":"Cootraespeciales"},"image":{"@id":"https:\/\/cootraespeciales.com\/sitio\/#\/schema\/logo\/image\/"}}]}},"_links":{"self":[{"href":"https:\/\/cootraespeciales.com\/sitio\/wp-json\/wp\/v2\/pages\/1738","targetHints":{"allow":["GET"]}}],"collection":[{"href":"https:\/\/cootraespeciales.com\/sitio\/wp-json\/wp\/v2\/pages"}],"about":[{"href":"https:\/\/cootraespeciales.com\/sitio\/wp-json\/wp\/v2\/types\/page"}],"author":[{"embeddable":true,"href":"https:\/\/cootraespeciales.com\/sitio\/wp-json\/wp\/v2\/users\/1"}],"replies":[{"embeddable":true,"href":"https:\/\/cootraespeciales.com\/sitio\/wp-json\/wp\/v2\/comments?post=1738"}],"version-history":[{"count":20,"href":"https:\/\/cootraespeciales.com\/sitio\/wp-json\/wp\/v2\/pages\/1738\/revisions"}],"predecessor-version":[{"id":1771,"href":"https:\/\/cootraespeciales.com\/sitio\/wp-json\/wp\/v2\/pages\/1738\/revisions\/1771"}],"wp:attachment":[{"href":"https:\/\/cootraespeciales.com\/sitio\/wp-json\/wp\/v2\/media?parent=1738"}],"curies":[{"name":"wp","href":"https:\/\/api.w.org\/{rel}","templated":true}]}}